{"id":4932,"date":"2024-11-02T07:00:37","date_gmt":"2024-11-02T04:00:37","guid":{"rendered":"https:\/\/tdbo.org\/?page_id=4932"},"modified":"2024-11-02T16:30:15","modified_gmt":"2024-11-02T13:30:15","slug":"ortaokulliste-3","status":"publish","type":"page","link":"https:\/\/tdbo.org\/index.php\/ortaokulliste-3\/","title":{"rendered":"2024 Y\u0131l\u0131 Yurt \u0130\u00e7i Projelerinden Sergilenmeye Uygun G\u00f6r\u00fclen Proje Sahipleri Listesi"},"content":{"rendered":"<div class=\"wpb-content-wrapper\"><p>[vc_row][vc_column][vc_column_text css=&#8221;&#8221;]<\/p>\n<p style=\"text-align: center;\"><strong><span style=\"font-size: 25px;\">2024 Y\u0131l\u0131\u00a0 yurti\u00e7i proje ba\u015fvurular\u0131ndan \u015fenlikte sergilenmesi uygun g\u00f6r\u00fclen proje sahipleri listesi<\/span><\/strong><\/p>\n<p>[\/vc_column_text][vc_row_inner][vc_column_inner width=&#8221;1\/4&#8243;][\/vc_column_inner][vc_column_inner width=&#8221;1\/2&#8243;][\/vc_column_inner][vc_column_inner width=&#8221;1\/4&#8243;][\/vc_column_inner][\/vc_row_inner][vc_column_text css=&#8221;&#8221;]<\/p>\n<table width=\"451\">\n<tbody>\n<tr>\n<td width=\"155\">\u00d6\u011frencinin Ad\u0131<\/td>\n<td width=\"127\">\u00d6\u011frencinin Soyad\u0131<\/td>\n<td width=\"169\">Dan\u0131\u015fman Ad\u0131 Soyad\u0131<\/td>\n<\/tr>\n<tr>\n<td>Abdullah Enes<\/td>\n<td>\u00d6zkaya<\/td>\n<td>Caner SEVERCAN<\/td>\n<\/tr>\n<tr>\n<td>Abdullah \u00d6mer<\/td>\n<td>Necefov<\/td>\n<td>Abdurrahim SARGIN<\/td>\n<\/tr>\n<tr>\n<td>Adar<\/td>\n<td>\u015eENSES<\/td>\n<td>Yusuf \u015eENSES<\/td>\n<\/tr>\n<tr>\n<td>AHMET AK\u0130F<\/td>\n<td>\u00c7ALIK<\/td>\n<td>FUAT ERUSTA<\/td>\n<\/tr>\n<tr>\n<td>Ahmet Atahan<\/td>\n<td>DURMAZ<\/td>\n<td>mesude ilkay a\u011fao\u011fullar\u0131<\/td>\n<\/tr>\n<tr>\n<td>Ahmet Bera<\/td>\n<td>DUMLU<\/td>\n<td>Ay\u015feg\u00fcl CELEP HAVUZ<\/td>\n<\/tr>\n<tr>\n<td>AHSEN ECR\u0130N<\/td>\n<td>ER<\/td>\n<td>BUR\u00c7AK ERSOY<\/td>\n<\/tr>\n<tr>\n<td>Ala Nur<\/td>\n<td>UZUNO\u011eLU<\/td>\n<td>\u00d6zlem PA\u015eAO\u011eLU<\/td>\n<\/tr>\n<tr>\n<td>AL\u0130<\/td>\n<td>AKSOY<\/td>\n<td>OYNURHON ARTIKOVA<\/td>\n<\/tr>\n<tr>\n<td>almila<\/td>\n<td>sa\u011flam<\/td>\n<td>tolga sa\u011flam<\/td>\n<\/tr>\n<tr>\n<td>Alp Deniz<\/td>\n<td>Selen<\/td>\n<td>Deniz Turan Tun\u00e7<\/td>\n<\/tr>\n<tr>\n<td>Alperen<\/td>\n<td>I\u015eIK<\/td>\n<td>G\u00f6khan DA\u011eLI<\/td>\n<\/tr>\n<tr>\n<td>Alptekin<\/td>\n<td>\u00d6ZTEK\u0130N<\/td>\n<td>F\u0130GEN \u00d6ZG\u00dcN<\/td>\n<\/tr>\n<tr>\n<td>ALYA<\/td>\n<td>AKCAN<\/td>\n<td>DEN\u0130Z \u015eEN<\/td>\n<\/tr>\n<tr>\n<td>ARDA<\/td>\n<td>YILDIRIM<\/td>\n<td>N\u0130GAL AYDO\u011eAN<\/td>\n<\/tr>\n<tr>\n<td>ASLI BERRA<\/td>\n<td>BAYRAM<\/td>\n<td>MEHTAP YILMAZ<\/td>\n<\/tr>\n<tr>\n<td>ASLI BERRA<\/td>\n<td>KIRAN<\/td>\n<td>MURAT ERG\u00dcN<\/td>\n<\/tr>\n<tr>\n<td>ATAKAN SA\u0130D<\/td>\n<td>DUMAN<\/td>\n<td>MUSTAFA DO\u011eAN<\/td>\n<\/tr>\n<tr>\n<td>Aybike<\/td>\n<td>Abbaso\u011flu<\/td>\n<td>Evren \u00d6zg\u00fcr Abbaso\u011flu<\/td>\n<\/tr>\n<tr>\n<td>Aycan<\/td>\n<td>G\u00dcLER<\/td>\n<td>abdullah SAYMAK<\/td>\n<\/tr>\n<tr>\n<td>Ay\u00e7a Ekin<\/td>\n<td>\u015eAH\u0130N<\/td>\n<td>Tu\u011fba BA\u011eDAT KILI\u00c7<\/td>\n<\/tr>\n<tr>\n<td>AYHAN EFE<\/td>\n<td>BAYLAN<\/td>\n<td>G\u00dcLSER \u00c7ELEB\u0130 BA\u015e<\/td>\n<\/tr>\n<tr>\n<td>AYL\u0130N<\/td>\n<td>TOKER<\/td>\n<td>HACER KILI\u00c7KIRAN<\/td>\n<\/tr>\n<tr>\n<td>Ay\u015fe Ebrar<\/td>\n<td>KAYMAZ<\/td>\n<td>Alev KAR<\/td>\n<\/tr>\n<tr>\n<td>AY\u015eENUR<\/td>\n<td>\u0130NAN<\/td>\n<td>HAL\u0130M TOPALDEM\u0130R<\/td>\n<\/tr>\n<tr>\n<td>AZRA<\/td>\n<td>KIRAN<\/td>\n<td>DERYA AYVALI<\/td>\n<\/tr>\n<tr>\n<td>Azra<\/td>\n<td>KAYA<\/td>\n<td>M\u00fcr\u015fide KARADURMU\u015e<\/td>\n<\/tr>\n<tr>\n<td>Behiyenur<\/td>\n<td>\u0130leri<\/td>\n<td>H\u00fcseyin \u00d6ZER<\/td>\n<\/tr>\n<tr>\n<td>Bejna<\/td>\n<td>Bozbey<\/td>\n<td>oktay tun\u00e7<\/td>\n<\/tr>\n<tr>\n<td>BER\u0130L<\/td>\n<td>BEKKAYA<\/td>\n<td>YASEM\u0130N SOYDA\u015e BOZKURT<\/td>\n<\/tr>\n<tr>\n<td>BERKE<\/td>\n<td>KO\u00c7AK<\/td>\n<td>\u015eULE KAPLAN<\/td>\n<\/tr>\n<tr>\n<td>BERRA<\/td>\n<td>\u015eENG\u00dcL<\/td>\n<td>FATMA BET\u00dcL \u00d6ZDEM\u0130R<\/td>\n<\/tr>\n<tr>\n<td>Bestenaz<\/td>\n<td>B\u00dcY\u00dcKDE\u011eERL\u0130<\/td>\n<td>Hasan KEMER<\/td>\n<\/tr>\n<tr>\n<td>Bet\u00fcl<\/td>\n<td>Alparslan<\/td>\n<td>Sad\u0131k Y\u0131lmaz<\/td>\n<\/tr>\n<tr>\n<td>BEYTULLAH<\/td>\n<td>UZUN<\/td>\n<td>SERKAN KO\u00c7AKO\u011eLU<\/td>\n<\/tr>\n<tr>\n<td>BU\u011eRAHAN ABAKAY<\/td>\n<td>\u00dcRES\u0130N<\/td>\n<td>SERAP KESER<\/td>\n<\/tr>\n<tr>\n<td>B\u00fc\u015fra<\/td>\n<td>Akg\u00fcn<\/td>\n<td>Sel\u00e7uk YURTO\u011eLU<\/td>\n<\/tr>\n<tr>\n<td>Canan<\/td>\n<td>KURT<\/td>\n<td>\u015eeng\u00fcl BALCI<\/td>\n<\/tr>\n<tr>\n<td>CEMRE<\/td>\n<td>ULUI\u015eIK<\/td>\n<td>SERVET CAN<\/td>\n<\/tr>\n<tr>\n<td>Ceren<\/td>\n<td>OKUMU\u015e<\/td>\n<td>murat sayan<\/td>\n<\/tr>\n<tr>\n<td>Ceylin<\/td>\n<td>DA\u011e<\/td>\n<td>I\u015f\u0131l ULUYOL<\/td>\n<\/tr>\n<tr>\n<td>\u00c7a\u011fan<\/td>\n<td>\u00d6zt\u00fcrk<\/td>\n<td>\u00c7i\u011fdem \u00d6zg\u00fcrdal<\/td>\n<\/tr>\n<tr>\n<td>\u00c7a\u011f\u0131n<\/td>\n<td>G\u00fczel<\/td>\n<td>Ayten \u00dcnal<\/td>\n<\/tr>\n<tr>\n<td>\u00c7\u0131nar<\/td>\n<td>Saban<\/td>\n<td>Se\u00e7il Sezen<\/td>\n<\/tr>\n<tr>\n<td>Defne Toprak<\/td>\n<td>\u00d6zcan<\/td>\n<td>Ayten \u00dcnal<\/td>\n<\/tr>\n<tr>\n<td>D\u0130LAY<\/td>\n<td>ASLAN<\/td>\n<td>Hayriye ASLAN<\/td>\n<\/tr>\n<tr>\n<td>Doruk<\/td>\n<td>Konakl\u0131<\/td>\n<td>Seda D\u00fcndar<\/td>\n<\/tr>\n<tr>\n<td>Doruk Ya\u011f\u0131z<\/td>\n<td>Arslan<\/td>\n<td>K\u00fcbrag\u00fcl \u00c7ift\u00e7i<\/td>\n<\/tr>\n<tr>\n<td>DURU<\/td>\n<td>AK\u00c7EL\u0130K<\/td>\n<td>\u015eULE KAPLAN<\/td>\n<\/tr>\n<tr>\n<td>ECE NUR<\/td>\n<td>\u015e\u0130M\u015eEK<\/td>\n<td>AL\u0130 AKG\u00dcL<\/td>\n<\/tr>\n<tr>\n<td>Ece Reyyan<\/td>\n<td>G\u00fcll\u00fc<\/td>\n<td>\u015eebnem G\u00dcRLER<\/td>\n<\/tr>\n<tr>\n<td>Edanur<\/td>\n<td>\u00d6ZKANLI<\/td>\n<td>Dilek TURAN \u00dcNL\u00dc<\/td>\n<\/tr>\n<tr>\n<td>Ege<\/td>\n<td>\u0130NCE<\/td>\n<td>Anz\u0131lha ALTUN<\/td>\n<\/tr>\n<tr>\n<td>ELA<\/td>\n<td>TOP\u00c7U<\/td>\n<td>Mevl\u00fct \u015eAH\u0130N<\/td>\n<\/tr>\n<tr>\n<td>Ela Naz<\/td>\n<td>Y\u0131lmaz<\/td>\n<td>Tolga Akg\u00fcl<\/td>\n<\/tr>\n<tr>\n<td>ELANUR<\/td>\n<td>TA\u015eTAN<\/td>\n<td>MERAL DURUDO\u011eAN<\/td>\n<\/tr>\n<tr>\n<td>EL\u0130F FEYZA<\/td>\n<td>\u00c7A\u011eLAR<\/td>\n<td>Sema Ho\u015fyi\u011fit Turan<\/td>\n<\/tr>\n<tr>\n<td>EL\u0130F M\u0130NA<\/td>\n<td>G\u00dcNE\u015e<\/td>\n<td>EBRU NURDAN ALTUN<\/td>\n<\/tr>\n<tr>\n<td>Emine<\/td>\n<td>Sar\u0131<\/td>\n<td>Evrim Karaca<\/td>\n<\/tr>\n<tr>\n<td>EM\u0130NE \u015eEVVAL<\/td>\n<td>BOLAT<\/td>\n<td>MEHTAP YILMAZ<\/td>\n<\/tr>\n<tr>\n<td>Emir<\/td>\n<td>\u00c7elik<\/td>\n<td>Esra \u00c7elik<\/td>\n<\/tr>\n<tr>\n<td>EM\u0130R<\/td>\n<td>DEPE<\/td>\n<td>KUDRET DEM\u0130R<\/td>\n<\/tr>\n<tr>\n<td>EM\u0130R HAMZA<\/td>\n<td>\u015eEN<\/td>\n<td>AYDIN BO\u011eAZ<\/td>\n<\/tr>\n<tr>\n<td>EM\u0130R SABR\u0130<\/td>\n<td>KADAYIF\u00c7I<\/td>\n<td>ENVER YILIKO\u011eLU<\/td>\n<\/tr>\n<tr>\n<td>Emre Berkay<\/td>\n<td>\u00d6ZCAN<\/td>\n<td>Orhan Gazi Demirci<\/td>\n<\/tr>\n<tr>\n<td>ENES<\/td>\n<td>\u015eANLI<\/td>\n<td>MURAT \u00d6ZTEK\u0130N<\/td>\n<\/tr>\n<tr>\n<td>ERDAL BERK<\/td>\n<td>\u00c7AMA\u015e<\/td>\n<td>\u0130BRAH\u0130M \u00c7OBAN<\/td>\n<\/tr>\n<tr>\n<td>ES\u0130LA NUR<\/td>\n<td>ARSLAN<\/td>\n<td>Caner SEVERCAN<\/td>\n<\/tr>\n<tr>\n<td>ESLEM BERRA<\/td>\n<td>Y\u00dcKSEL<\/td>\n<td>BUR\u00c7AK ERSOY<\/td>\n<\/tr>\n<tr>\n<td>Fatma<\/td>\n<td>Y\u00dcKSEL<\/td>\n<td>\u0130brahim Y\u00dcKSEL<\/td>\n<\/tr>\n<tr>\n<td>Fehmi Taha<\/td>\n<td>\u00d6ZSOY<\/td>\n<td>Nagihan ARSLAN<\/td>\n<\/tr>\n<tr>\n<td>Firdevs Nur<\/td>\n<td>Akkaya<\/td>\n<td>Emre U\u011fur<\/td>\n<\/tr>\n<tr>\n<td>Furkan<\/td>\n<td>\u015e\u0130M\u015eEK<\/td>\n<td>Dr. Cem KESER<\/td>\n<\/tr>\n<tr>\n<td>Gurur<\/td>\n<td>EL\u0130K\u00dc\u00c7\u00dcK<\/td>\n<td>Seda CO\u015eKUN EL\u0130K\u00dc\u00c7\u00dcK<\/td>\n<\/tr>\n<tr>\n<td>Halit Salih<\/td>\n<td>Kurt<\/td>\n<td>Hayriye Bak\u0131r<\/td>\n<\/tr>\n<tr>\n<td>HASAN<\/td>\n<td>KAYA<\/td>\n<td>FAT\u0130H B\u0130LG\u0130N<\/td>\n<\/tr>\n<tr>\n<td>Hatice<\/td>\n<td>\u00c7elik<\/td>\n<td>M\u00fcge Be\u015fer Ak<\/td>\n<\/tr>\n<tr>\n<td>Hatice \u00d6zge<\/td>\n<td>Arslan<\/td>\n<td>Semra Bilgin<\/td>\n<\/tr>\n<tr>\n<td>Hiranur<\/td>\n<td>Aras<\/td>\n<td>Oktay TUN\u00c7<\/td>\n<\/tr>\n<tr>\n<td>H\u00fcseyin Esad<\/td>\n<td>G\u00dcNER<\/td>\n<td>MUHAMMED AL\u0130 SAVA\u015e<\/td>\n<\/tr>\n<tr>\n<td>IRMAK<\/td>\n<td>SOYSAL<\/td>\n<td>Nur\u015fin AKMAN<\/td>\n<\/tr>\n<tr>\n<td>\u0130brahim<\/td>\n<td>Erkan<\/td>\n<td>Nazl\u0131 Yekda<\/td>\n<\/tr>\n<tr>\n<td>\u0130KL\u0130MA NUR<\/td>\n<td>ARSLAN<\/td>\n<td>\u0130BRAH\u0130M \u00c7OBAN<\/td>\n<\/tr>\n<tr>\n<td>\u0130pek<\/td>\n<td>y\u0131ld\u0131r\u0131m<\/td>\n<td>Kerim Pehlivano\u011flu<\/td>\n<\/tr>\n<tr>\n<td>\u0130REMSU<\/td>\n<td>\u00c7OBAN<\/td>\n<td>\u0130BRAH\u0130M \u00c7OBAN<\/td>\n<\/tr>\n<tr>\n<td>\u0130sa Melih<\/td>\n<td>\u00dcst\u00fcn<\/td>\n<td>Sel\u00e7uk Uslu<\/td>\n<\/tr>\n<tr>\n<td>Kaan<\/td>\n<td>Ye\u015fildal<\/td>\n<td>Mehmet Bulut<\/td>\n<\/tr>\n<tr>\n<td>Kerem<\/td>\n<td>Cengiz<\/td>\n<td>Mustafa YALIM<\/td>\n<\/tr>\n<tr>\n<td>Kerem<\/td>\n<td>YILMAZ<\/td>\n<td>murat sayan<\/td>\n<\/tr>\n<tr>\n<td>Kerem<\/td>\n<td>\u00d6zg\u00fcrdal<\/td>\n<td>\u00c7i\u011fdem \u00d6zg\u00fcrdal<\/td>\n<\/tr>\n<tr>\n<td>KEREM OKTAY<\/td>\n<td>DOKUYAN<\/td>\n<td>MEHTAP YILMAZ<\/td>\n<\/tr>\n<tr>\n<td>KIRA\u00c7<\/td>\n<td>TOPAL<\/td>\n<td>Suzan TOPAL<\/td>\n<\/tr>\n<tr>\n<td>Mahmut Kayra<\/td>\n<td>Y\u0131ld\u0131z<\/td>\n<td>Seda D\u00fcndar<\/td>\n<\/tr>\n<tr>\n<td>Mehmet Eren<\/td>\n<td>Polat<\/td>\n<td>Hasan \u015eahin<\/td>\n<\/tr>\n<tr>\n<td>MEHMET FAT\u0130H<\/td>\n<td>AZACIK<\/td>\n<td>MUSTAFA NECAT\u0130 UZUNER<\/td>\n<\/tr>\n<tr>\n<td>Mehmet R\u0131fat<\/td>\n<td>AKG\u00dcRB\u00dcZ<\/td>\n<td>\u00dcLK\u00dc CO\u015eGUN<\/td>\n<\/tr>\n<tr>\n<td>Mehmet Selim<\/td>\n<td>ARIN<\/td>\n<td>\u0130rfan G\u00fcm\u00fc\u015f<\/td>\n<\/tr>\n<tr>\n<td>MEHMET YAKUP<\/td>\n<td>YILDIRIM<\/td>\n<td>semra kaya<\/td>\n<\/tr>\n<tr>\n<td>Mert<\/td>\n<td>Yi\u011fit<\/td>\n<td>Emre \u00c7a\u011flayan \u00d6ZTA\u015e<\/td>\n<\/tr>\n<tr>\n<td>Mine<\/td>\n<td>\u00c7ET\u0130NKAYA<\/td>\n<td>\u015eenay U\u00c7AR<\/td>\n<\/tr>\n<tr>\n<td>Minel<\/td>\n<td>C\u00dcC\u00dcK<\/td>\n<td>Ali YILDIZ<\/td>\n<\/tr>\n<tr>\n<td>M\u0130RA\u00c7<\/td>\n<td>BULUT<\/td>\n<td>MUHS\u0130N YAL\u00c7IN<\/td>\n<\/tr>\n<tr>\n<td>Muhammed<\/td>\n<td>\u00c7\u0130\u00c7EK<\/td>\n<td>Sevcan EKEN<\/td>\n<\/tr>\n<tr>\n<td>Muhammed Safa<\/td>\n<td>KURT<\/td>\n<td>Halil YILMAZ<\/td>\n<\/tr>\n<tr>\n<td>Muhammed Said<\/td>\n<td>SAN<\/td>\n<td>AYDIN D\u00d6NMEZO\u011eLU<\/td>\n<\/tr>\n<tr>\n<td>Muhammet Emin<\/td>\n<td>i\u015f\u00e7ilerden<\/td>\n<td>Ba\u015fak Demir \u00dcnalan<\/td>\n<\/tr>\n<tr>\n<td>Mustafa Alperen<\/td>\n<td>ASLAN<\/td>\n<td>Aynur KO\u015eAR<\/td>\n<\/tr>\n<tr>\n<td>Necati Arda<\/td>\n<td>BOZKURT<\/td>\n<td>Onur Kaynarcal\u0131<\/td>\n<\/tr>\n<tr>\n<td>Neva<\/td>\n<td>Sa\u011flam<\/td>\n<td>Mustafa Ekinci<\/td>\n<\/tr>\n<tr>\n<td>Nihal<\/td>\n<td>Ser\u00e7e<\/td>\n<td>Engin Yalmanc\u0131<\/td>\n<\/tr>\n<tr>\n<td>Nisa Nur<\/td>\n<td>KALKMAZ<\/td>\n<td>P\u0131nar \u00dcST\u00dcN<\/td>\n<\/tr>\n<tr>\n<td>N\u0130SANUR<\/td>\n<td>YURTO\u011eLU<\/td>\n<td>Sel\u00e7uk YURTO\u011eLU<\/td>\n<\/tr>\n<tr>\n<td>Numan<\/td>\n<td>Zehir<\/td>\n<td>Ba\u015fak DEM\u0130R \u00dcNALAN<\/td>\n<\/tr>\n<tr>\n<td>Nur Ef\u015fan<\/td>\n<td>Ortahisar<\/td>\n<td>Sad\u0131k Y\u0131lmaz<\/td>\n<\/tr>\n<tr>\n<td>NURBANU<\/td>\n<td>BAYDAR<\/td>\n<td>SADIK YILMAZ<\/td>\n<\/tr>\n<tr>\n<td>Nuriye<\/td>\n<td>DEM\u0130R<\/td>\n<td>Ebru TURAN<\/td>\n<\/tr>\n<tr>\n<td>Nurullah<\/td>\n<td>\u00c7\u0131kr\u0131k\u00e7\u0131<\/td>\n<td>Esra K\u00d6RO\u011eLU<\/td>\n<\/tr>\n<tr>\n<td>OKAN<\/td>\n<td>LERM\u0130<\/td>\n<td>NURULLAH AKBULUT<\/td>\n<\/tr>\n<tr>\n<td>Orhan Efe<\/td>\n<td>AKTA\u015e<\/td>\n<td>Mustafa PALAZ<\/td>\n<\/tr>\n<tr>\n<td>\u00d6mer Faruk<\/td>\n<td>\u0130LHAN<\/td>\n<td>K\u00fcbra AYDIN<\/td>\n<\/tr>\n<tr>\n<td>\u00d6mer Faruk<\/td>\n<td>TOPCU<\/td>\n<td>Tuncay YILMAZ<\/td>\n<\/tr>\n<tr>\n<td>\u00d6mer Fazl\u0131<\/td>\n<td>Numano\u011flu<\/td>\n<td>Se\u00e7il Sezen<\/td>\n<\/tr>\n<tr>\n<td>\u00d6MER KAAN<\/td>\n<td>F\u0130DAN<\/td>\n<td>MEHMET F\u0130DAN<\/td>\n<\/tr>\n<tr>\n<td>Poyraz \u00d6zkan<\/td>\n<td>Kaya<\/td>\n<td>Evrim Karaca<\/td>\n<\/tr>\n<tr>\n<td>Recep Orhan<\/td>\n<td>Bilek<\/td>\n<td>Safiye Oymak<\/td>\n<\/tr>\n<tr>\n<td>R\u00dcYA<\/td>\n<td>AKSU<\/td>\n<td>MERAL DURUDO\u011eAN<\/td>\n<\/tr>\n<tr>\n<td>R\u00fczgar<\/td>\n<td>Sezer<\/td>\n<td>Hasan \u015fahin<\/td>\n<\/tr>\n<tr>\n<td>Sahra<\/td>\n<td>Akt\u00fcrk<\/td>\n<td>canan \u00f6\u00e7al\u0131ku\u015fu<\/td>\n<\/tr>\n<tr>\n<td>SAL\u0130H BERKAY<\/td>\n<td>\u00c7OLAK<\/td>\n<td>Caner SEVERCAN<\/td>\n<\/tr>\n<tr>\n<td>Salih Deniz<\/td>\n<td>SANCAR<\/td>\n<td>MUHAMMED AL\u0130 SAVA\u015e<\/td>\n<\/tr>\n<tr>\n<td>SAMET EM\u0130R<\/td>\n<td>NAR<\/td>\n<td>KUDRET DEM\u0130R<\/td>\n<\/tr>\n<tr>\n<td>SARE<\/td>\n<td>KARAMAN<\/td>\n<td>Ula\u015f Sar\u0131b\u0131y\u0131k<\/td>\n<\/tr>\n<tr>\n<td>SERHAN EFE<\/td>\n<td>KO\u00c7H\u0130SARLI<\/td>\n<td>FATMA BA\u015eDA\u011e<\/td>\n<\/tr>\n<tr>\n<td>SEY\u0130T BU\u011eRA<\/td>\n<td>DER\u0130C\u0130<\/td>\n<td>NURSEN YILMAZ<\/td>\n<\/tr>\n<tr>\n<td>S\u0130MRE G\u00d6K\u00c7EN<\/td>\n<td>KILI\u00c7<\/td>\n<td>\u0130SMA\u0130L KORKUT<\/td>\n<\/tr>\n<tr>\n<td>SUDENAZ<\/td>\n<td>S\u0130VAS<\/td>\n<td>AL\u0130YE ATMACA<\/td>\n<\/tr>\n<tr>\n<td>\u015eerefen Toprak<\/td>\n<td>\u00dc\u00e7\u00fcnc\u00fc<\/td>\n<td>Caner SEVERCAN<\/td>\n<\/tr>\n<tr>\n<td>Toprak<\/td>\n<td>Tatar<\/td>\n<td>\u0130lkay Baba<\/td>\n<\/tr>\n<tr>\n<td>TU\u011eRA<\/td>\n<td>GEN\u00c7<\/td>\n<td>HASAN TUNCAY<\/td>\n<\/tr>\n<tr>\n<td>tu\u011fra<\/td>\n<td>altun<\/td>\n<td>semih yurtsever<\/td>\n<\/tr>\n<tr>\n<td>UFUK ENES<\/td>\n<td>DO\u011eAN<\/td>\n<td>Nusret \u00c7imentepe<\/td>\n<\/tr>\n<tr>\n<td>UFUK TALHA<\/td>\n<td>KARA\u015eO\u011eLU<\/td>\n<td>H\u0130KMET \u00dcNAL \u015e\u0130M\u015eEK<\/td>\n<\/tr>\n<tr>\n<td>VAH\u0130DE ERVA<\/td>\n<td>AKBA\u015e<\/td>\n<td>\u00d6ZGE NUR GEZ\u0130C\u0130<\/td>\n<\/tr>\n<tr>\n<td>Ya\u011f\u0131z Do\u011fan<\/td>\n<td>Ta\u015fk\u0131n<\/td>\n<td>Aynur Sezici Y\u0131lmaz<\/td>\n<\/tr>\n<tr>\n<td>Ya\u011fmur<\/td>\n<td>ABBASO\u011eLU<\/td>\n<td>Neslihan ABBASO\u011eLU<\/td>\n<\/tr>\n<tr>\n<td>Ya\u011fmur<\/td>\n<td>EF\u0130LO\u011eLU<\/td>\n<td>Gamze ARSLAN TEM\u0130Z<\/td>\n<\/tr>\n<tr>\n<td>Ya\u011fmur<\/td>\n<td>Delice<\/td>\n<td>Ayten \u00dcnal<\/td>\n<\/tr>\n<tr>\n<td>Ya\u011fmur \u0130kra<\/td>\n<td>AKBOLAT<\/td>\n<td>Nuray CAHAN<\/td>\n<\/tr>\n<tr>\n<td>Ya\u011fmur Sena<\/td>\n<td>KAZAZ<\/td>\n<td>Sinan \u00d6ZER<\/td>\n<\/tr>\n<tr>\n<td>YA\u011eMUR ZEREN<\/td>\n<td>SA\u00c7IKARA<\/td>\n<td>EL\u0130F G\u00dcNE\u015e<\/td>\n<\/tr>\n<tr>\n<td>YAVUZ<\/td>\n<td>C\u00d6MERTEL<\/td>\n<td>\u0130LKNUR BOZO\u011eLU<\/td>\n<\/tr>\n<tr>\n<td>YUSUF EM\u0130N<\/td>\n<td>DALGI\u00c7<\/td>\n<td>ZEHRA KAYA<\/td>\n<\/tr>\n<tr>\n<td>Yusuf Tu\u011fra<\/td>\n<td>Kahraman<\/td>\n<td>Volkan Civelek<\/td>\n<\/tr>\n<tr>\n<td>Zeynep<\/td>\n<td>Halilbe\u015feo\u011flu<\/td>\n<td>\u00d6zlem Pehlivan<\/td>\n<\/tr>\n<tr>\n<td>ZEYNEP ASYA<\/td>\n<td>\u00d6ZER<\/td>\n<td>SERAP KESER<\/td>\n<\/tr>\n<tr>\n<td>Zeynep Duru<\/td>\n<td>Recepo\u011flu<\/td>\n<td>Adem \u00dcnl\u00fc<\/td>\n<\/tr>\n<tr>\n<td>Zeynep Ezgi<\/td>\n<td>\u00dcner<\/td>\n<td>Caner SEVERCAN<\/td>\n<\/tr>\n<tr>\n<td>Zeynep Nur<\/td>\n<td>TA\u015eKIN<\/td>\n<td>M\u00fcnevver ASLAN<\/td>\n<\/tr>\n<tr>\n<td>ZEYNEP SENA<\/td>\n<td>A\u011eAN<\/td>\n<td>Merve \u015e\u0130R\u0130N<\/td>\n<\/tr>\n<tr>\n<td>zeynep sultan<\/td>\n<td>akba\u015f<\/td>\n<td>AY\u015eE IRMAK<\/td>\n<\/tr>\n<tr>\n<td>Z\u00fcmra<\/td>\n<td>Kara<\/td>\n<td>Adnan Kahraman<\/td>\n<\/tr>\n<\/tbody>\n<\/table>\n<p>[\/vc_column_text][\/vc_column][\/vc_row]<\/p>\n<\/div>","protected":false},"excerpt":{"rendered":"<p>[vc_row][vc_column][vc_column_text css=&#8221;&#8221;] 2024 Y\u0131l\u0131\u00a0 yurti\u00e7i proje ba\u015fvurular\u0131ndan \u015fenlikte sergilenmesi uygun g\u00f6r\u00fclen proje sahipleri listesi [\/vc_column_text][vc_row_inner][vc_column_inner width=&#8221;1\/4&#8243;][\/vc_column_inner][vc_column_inner width=&#8221;1\/2&#8243;][\/vc_column_inner][vc_column_inner width=&#8221;1\/4&#8243;][\/vc_column_inner][\/vc_row_inner][vc_column_text css=&#8221;&#8221;] \u00d6\u011frencinin Ad\u0131 \u00d6\u011frencinin Soyad\u0131 Dan\u0131\u015fman Ad\u0131 Soyad\u0131 Abdullah Enes \u00d6zkaya Caner SEVERCAN Abdullah \u00d6mer Necefov Abdurrahim SARGIN Adar \u015eENSES Yusuf \u015eENSES AHMET AK\u0130F \u00c7ALIK FUAT ERUSTA Ahmet Atahan DURMAZ mesude ilkay a\u011fao\u011fullar\u0131 Ahmet Bera DUMLU Ay\u015feg\u00fcl [&hellip;]<\/p>\n","protected":false},"author":1,"featured_media":0,"parent":0,"menu_order":0,"comment_status":"closed","ping_status":"closed","template":"","meta":{"_monsterinsights_skip_tracking":false,"_monsterinsights_sitenote_active":false,"_monsterinsights_sitenote_note":"","_monsterinsights_sitenote_category":0,"footnotes":""},"class_list":["post-4932","page","type-page","status-publish","hentry"],"_links":{"self":[{"href":"https:\/\/tdbo.org\/index.php\/wp-json\/wp\/v2\/pages\/4932","targetHints":{"allow":["GET"]}}],"collection":[{"href":"https:\/\/tdbo.org\/index.php\/wp-json\/wp\/v2\/pages"}],"about":[{"href":"https:\/\/tdbo.org\/index.php\/wp-json\/wp\/v2\/types\/page"}],"author":[{"embeddable":true,"href":"https:\/\/tdbo.org\/index.php\/wp-json\/wp\/v2\/users\/1"}],"replies":[{"embeddable":true,"href":"https:\/\/tdbo.org\/index.php\/wp-json\/wp\/v2\/comments?post=4932"}],"version-history":[{"count":3,"href":"https:\/\/tdbo.org\/index.php\/wp-json\/wp\/v2\/pages\/4932\/revisions"}],"predecessor-version":[{"id":4937,"href":"https:\/\/tdbo.org\/index.php\/wp-json\/wp\/v2\/pages\/4932\/revisions\/4937"}],"wp:attachment":[{"href":"https:\/\/tdbo.org\/index.php\/wp-json\/wp\/v2\/media?parent=4932"}],"curies":[{"name":"wp","href":"https:\/\/api.w.org\/{rel}","templated":true}]}}