{"id":328,"date":"2023-09-20T16:38:26","date_gmt":"2023-09-20T13:38:26","guid":{"rendered":"http:\/\/tdbo.org\/?page_id=328"},"modified":"2026-03-03T22:34:01","modified_gmt":"2026-03-03T19:34:01","slug":"basvuru-formu","status":"publish","type":"page","link":"https:\/\/tdbo.org\/index.php\/basvuru-formu\/","title":{"rendered":"Ba\u015fvuru Formu"},"content":{"rendered":"<div class=\"wpb-content-wrapper\"><p>[vc_row][vc_column][vc_column_text css=&#8221;&#8221;]<span style=\"color: #ff0000;\">Bu y\u0131l 8&#8217;incisi d\u00fczenlenecek olan Uluslararas\u0131 T\u00fcrk D\u00fcnyas\u0131 Bilim ve K\u00fclt\u00fcr \u015eenli\u011fi\u00a0i\u00e7in proje ba\u015fvurular\u0131 son bulmu\u015ftur. T\u00fcm ba\u015fvuru sahibi \u00f6\u011frencilerimize ve dan\u0131\u015fmanlar\u0131na te\u015fekk\u00fcr ederiz. \u015eenlikte bula\u015fmak dile\u011fi ile herkesi tebrik ederiz.<\/span>[\/vc_column_text][\/vc_column][\/vc_row][vc_row][vc_column][vc_column_text css=&#8221;&#8221;]<\/p>\n<h1><strong><span style=\"color: #ff00ff;\"><a style=\"color: #ff00ff;\" href=\"https:\/\/tdbo.org\/index.php\/ortaokulliste-3-3\/\">SERG\u0130LENMEK \u00dcZERE KABUL ED\u0130LEN PROJLE SAH\u0130PLER\u0130 L\u0130STES\u0130<\/a><\/span><\/strong><\/h1>\n<p>[\/vc_column_text][\/vc_column][\/vc_row]<\/p>\n<\/div>","protected":false},"excerpt":{"rendered":"<p>[vc_row][vc_column][vc_column_text css=&#8221;&#8221;]Bu y\u0131l 8&#8217;incisi d\u00fczenlenecek olan Uluslararas\u0131 T\u00fcrk D\u00fcnyas\u0131 Bilim ve K\u00fclt\u00fcr \u015eenli\u011fi\u00a0i\u00e7in proje ba\u015fvurular\u0131 son bulmu\u015ftur. T\u00fcm ba\u015fvuru sahibi \u00f6\u011frencilerimize ve dan\u0131\u015fmanlar\u0131na te\u015fekk\u00fcr ederiz. \u015eenlikte bula\u015fmak dile\u011fi ile herkesi tebrik ederiz.[\/vc_column_text][\/vc_column][\/vc_row][vc_row][vc_column][vc_column_text css=&#8221;&#8221;] SERG\u0130LENMEK \u00dcZERE KABUL ED\u0130LEN PROJLE SAH\u0130PLER\u0130 L\u0130STES\u0130 [\/vc_column_text][\/vc_column][\/vc_row]<\/p>\n","protected":false},"author":1,"featured_media":0,"parent":0,"menu_order":0,"comment_status":"closed","ping_status":"closed","template":"","meta":{"_monsterinsights_skip_tracking":false,"_monsterinsights_sitenote_active":false,"_monsterinsights_sitenote_note":"","_monsterinsights_sitenote_category":0,"footnotes":""},"class_list":["post-328","page","type-page","status-publish","hentry"],"_links":{"self":[{"href":"https:\/\/tdbo.org\/index.php\/wp-json\/wp\/v2\/pages\/328","targetHints":{"allow":["GET"]}}],"collection":[{"href":"https:\/\/tdbo.org\/index.php\/wp-json\/wp\/v2\/pages"}],"about":[{"href":"https:\/\/tdbo.org\/index.php\/wp-json\/wp\/v2\/types\/page"}],"author":[{"embeddable":true,"href":"https:\/\/tdbo.org\/index.php\/wp-json\/wp\/v2\/users\/1"}],"replies":[{"embeddable":true,"href":"https:\/\/tdbo.org\/index.php\/wp-json\/wp\/v2\/comments?post=328"}],"version-history":[{"count":13,"href":"https:\/\/tdbo.org\/index.php\/wp-json\/wp\/v2\/pages\/328\/revisions"}],"predecessor-version":[{"id":8691,"href":"https:\/\/tdbo.org\/index.php\/wp-json\/wp\/v2\/pages\/328\/revisions\/8691"}],"wp:attachment":[{"href":"https:\/\/tdbo.org\/index.php\/wp-json\/wp\/v2\/media?parent=328"}],"curies":[{"name":"wp","href":"https:\/\/api.w.org\/{rel}","templated":true}]}}